{"id":403,"date":"2021-03-24T11:34:41","date_gmt":"2021-03-24T11:34:41","guid":{"rendered":"https:\/\/macchina.vamtam.com\/?page_id=403"},"modified":"2025-06-22T17:58:36","modified_gmt":"2025-06-22T17:58:36","slug":"about","status":"publish","type":"page","link":"https:\/\/724akutakviye.com\/index.php\/about\/","title":{"rendered":"Hakk\u0131m\u0131zda"},"content":{"rendered":"\t\t<div data-elementor-type=\"wp-page\" data-elementor-id=\"403\" class=\"elementor elementor-403\" data-elementor-post-type=\"page\">\n\t\t\t\t\t\t<section class=\"elementor-section elementor-top-section elementor-element elementor-element-84d209d elementor-section-full_width elementor-section-height-default elementor-section-height-default\" data-id=\"84d209d\" data-element_type=\"section\">\n\t\t\t\t\t\t<div class=\"elementor-container elementor-column-gap-no\">\n\t\t\t\t\t<div class=\"elementor-column elementor-col-50 elementor-top-column elementor-element elementor-element-232ea10 elementor-hidden-phone\" data-id=\"232ea10\" data-element_type=\"column\">\n\t\t\t<div class=\"elementor-widget-wrap\">\n\t\t\t\t\t\t\t<\/div>\n\t\t<\/div>\n\t\t\t\t<div class=\"elementor-column elementor-col-50 elementor-top-column elementor-element elementor-element-15d96f6\" data-id=\"15d96f6\" data-element_type=\"column\" data-settings=\"{&quot;background_background&quot;:&quot;classic&quot;,&quot;animation&quot;:&quot;none&quot;}\">\n\t\t\t<div class=\"elementor-widget-wrap elementor-element-populated\">\n\t\t\t\t\t\t<div class=\"elementor-element elementor-element-a21cc32 elementor-widget elementor-widget-spacer\" data-id=\"a21cc32\" data-element_type=\"widget\" data-widget_type=\"spacer.default\">\n\t\t\t\t<div class=\"elementor-widget-container\">\n\t\t\t\t\t\t\t<div class=\"elementor-spacer\">\n\t\t\t<div class=\"elementor-spacer-inner\"><\/div>\n\t\t<\/div>\n\t\t\t\t\t\t<\/div>\n\t\t\t\t<\/div>\n\t\t\t\t\t<\/div>\n\t\t<\/div>\n\t\t\t\t\t<\/div>\n\t\t<\/section>\n\t\t\t\t<section class=\"elementor-section elementor-top-section elementor-element elementor-element-7323dfb elementor-section-height-min-height elementor-section-items-bottom elementor-section-content-bottom elementor-section-boxed elementor-section-height-default\" data-id=\"7323dfb\" data-element_type=\"section\">\n\t\t\t\t\t\t<div class=\"elementor-container elementor-column-gap-no\">\n\t\t\t\t\t<div class=\"elementor-column elementor-col-50 elementor-top-column elementor-element elementor-element-7901df1\" data-id=\"7901df1\" data-element_type=\"column\" data-settings=\"{&quot;background_background&quot;:&quot;classic&quot;}\">\n\t\t\t<div class=\"elementor-widget-wrap elementor-element-populated\">\n\t\t\t\t\t\t<div class=\"elementor-element elementor-element-8b04e7e elementor-invisible elementor-widget elementor-widget-heading\" data-id=\"8b04e7e\" data-element_type=\"widget\" data-settings=\"{&quot;_animation&quot;:&quot;fadeIn&quot;,&quot;_animation_tablet&quot;:&quot;none&quot;,&quot;_animation_mobile&quot;:&quot;none&quot;,&quot;_animation_delay&quot;:200}\" data-widget_type=\"heading.default\">\n\t\t\t\t<div class=\"elementor-widget-container\">\n\t\t\t\t\t<h1 class=\"elementor-heading-title elementor-size-default\">HaKKIMIZDA<\/h1>\t\t\t\t<\/div>\n\t\t\t\t<\/div>\n\t\t\t\t\t<\/div>\n\t\t<\/div>\n\t\t\t\t<div class=\"elementor-column elementor-col-50 elementor-top-column elementor-element elementor-element-0ce9910 elementor-hidden-phone\" data-id=\"0ce9910\" data-element_type=\"column\">\n\t\t\t<div class=\"elementor-widget-wrap\">\n\t\t\t\t\t\t\t<\/div>\n\t\t<\/div>\n\t\t\t\t\t<\/div>\n\t\t<\/section>\n\t\t\t\t<section class=\"elementor-section elementor-top-section elementor-element elementor-element-bff7193 elementor-section-boxed elementor-section-height-default elementor-section-height-default\" data-id=\"bff7193\" data-element_type=\"section\" data-settings=\"{&quot;background_background&quot;:&quot;classic&quot;}\">\n\t\t\t\t\t\t<div class=\"elementor-container elementor-column-gap-no\">\n\t\t\t\t\t<div class=\"elementor-column elementor-col-100 elementor-top-column elementor-element elementor-element-86cd526\" data-id=\"86cd526\" data-element_type=\"column\">\n\t\t\t<div class=\"elementor-widget-wrap elementor-element-populated\">\n\t\t\t\t\t\t<div class=\"elementor-element elementor-element-da4209c elementor-invisible elementor-widget elementor-widget-heading\" data-id=\"da4209c\" data-element_type=\"widget\" data-settings=\"{&quot;_animation&quot;:&quot;fadeIn&quot;,&quot;_animation_tablet&quot;:&quot;none&quot;,&quot;_animation_mobile&quot;:&quot;none&quot;}\" data-widget_type=\"heading.default\">\n\t\t\t\t<div class=\"elementor-widget-container\">\n\t\t\t\t\t<h2 class=\"elementor-heading-title elementor-size-default\">biz kimiz?<\/h2>\t\t\t\t<\/div>\n\t\t\t\t<\/div>\n\t\t\t\t\t<\/div>\n\t\t<\/div>\n\t\t\t\t\t<\/div>\n\t\t<\/section>\n\t\t\t\t<section class=\"elementor-section elementor-top-section elementor-element elementor-element-080a80a elementor-section-boxed elementor-section-height-default elementor-section-height-default\" data-id=\"080a80a\" data-element_type=\"section\" data-settings=\"{&quot;background_background&quot;:&quot;classic&quot;}\">\n\t\t\t\t\t\t<div class=\"elementor-container elementor-column-gap-no\">\n\t\t\t\t\t<div class=\"elementor-column elementor-col-33 elementor-top-column elementor-element elementor-element-6c16cf5\" data-id=\"6c16cf5\" data-element_type=\"column\">\n\t\t\t<div class=\"elementor-widget-wrap elementor-element-populated\">\n\t\t\t\t\t\t<div class=\"elementor-element elementor-element-1096d9c elementor-invisible elementor-widget elementor-widget-text-editor\" data-id=\"1096d9c\" data-element_type=\"widget\" data-settings=\"{&quot;_animation&quot;:&quot;fadeIn&quot;,&quot;_animation_tablet&quot;:&quot;none&quot;,&quot;_animation_mobile&quot;:&quot;none&quot;,&quot;_animation_delay&quot;:200}\" data-widget_type=\"text-editor.default\">\n\t\t\t\t<div class=\"elementor-widget-container\">\n\t\t\t\t\t\t\t\t\t<p>7 g\u00fcn 24 saat boyunca \u0130stanbul Avc\u0131lar ve \u00e7evresine ak\u00fc takviye hizmeti sunuyoruz. Arac\u0131n\u0131z\u0131n ak\u00fcs\u00fc bitti\u011finde h\u0131zl\u0131 \u015fekilde bulundu\u011funuz konuma gelip yerinde destek veriyoruz. Binek ara\u00e7, hafif ticari ve minib\u00fcslere uygun ekipmanlar\u0131m\u0131zla g\u00fcvenli hizmet sa\u011fl\u0131yoruz.\u00a0<\/p>\t\t\t\t\t\t\t\t<\/div>\n\t\t\t\t<\/div>\n\t\t\t\t\t<\/div>\n\t\t<\/div>\n\t\t\t\t<div class=\"elementor-column elementor-col-33 elementor-top-column elementor-element elementor-element-75e1a3f elementor-hidden-phone\" data-id=\"75e1a3f\" data-element_type=\"column\">\n\t\t\t<div class=\"elementor-widget-wrap\">\n\t\t\t\t\t\t\t<\/div>\n\t\t<\/div>\n\t\t\t\t<div class=\"elementor-column elementor-col-33 elementor-top-column elementor-element elementor-element-d2c34b6\" data-id=\"d2c34b6\" data-element_type=\"column\">\n\t\t\t<div class=\"elementor-widget-wrap elementor-element-populated\">\n\t\t\t\t\t\t<div class=\"elementor-element elementor-element-326278b elementor-invisible elementor-widget elementor-widget-text-editor\" data-id=\"326278b\" data-element_type=\"widget\" data-settings=\"{&quot;_animation&quot;:&quot;fadeIn&quot;,&quot;_animation_tablet&quot;:&quot;none&quot;,&quot;_animation_mobile&quot;:&quot;none&quot;,&quot;_animation_delay&quot;:400}\" data-widget_type=\"text-editor.default\">\n\t\t\t\t<div class=\"elementor-widget-container\">\n\t\t\t\t\t\t\t\t\t<p>Ortalama 15-30 dakika i\u00e7inde olay yerine ula\u015farak yolunuza devam etmenize yard\u0131mc\u0131 oluyoruz. Detayl\u0131 bilgi ve \u00e7a\u011fr\u0131 i\u00e7in web sitemizi ziyaret edebilir ya da telefonla bize ula\u015fabilirsiniz.<\/p>\t\t\t\t\t\t\t\t<\/div>\n\t\t\t\t<\/div>\n\t\t\t\t<div class=\"elementor-element elementor-element-18c2672 elementor-invisible elementor-widget elementor-widget-button\" data-id=\"18c2672\" data-element_type=\"widget\" data-settings=\"{&quot;_animation&quot;:&quot;slideInUp&quot;,&quot;_animation_tablet&quot;:&quot;none&quot;,&quot;_animation_mobile&quot;:&quot;none&quot;,&quot;_animation_delay&quot;:300}\" data-widget_type=\"button.default\">\n\t\t\t\t<div class=\"elementor-widget-container\">\n\t\t\t\t\t\t\t\t\t<div class=\"elementor-button-wrapper\">\n\t\t\t\t\t<a class=\"elementor-button elementor-button-link elementor-size-sm\" href=\"https:\/\/724akutakviye.com\/index.php\/contact\/\">\n\t\t\t\t\t\t<span class=\"elementor-button-content-wrapper\">\n\t\t\t\t\t\t\t\t\t<span class=\"elementor-button-text\">Hemen Bize Ula\u015f\u0131n!<\/span>\n\t\t\t\t\t<\/span>\n\t\t\t\t\t<\/a>\n\t\t\t\t<\/div>\n\t\t\t\t\t\t\t\t<\/div>\n\t\t\t\t<\/div>\n\t\t\t\t\t<\/div>\n\t\t<\/div>\n\t\t\t\t\t<\/div>\n\t\t<\/section>\n\t\t\t\t<section class=\"elementor-section elementor-top-section elementor-element elementor-element-ab98eb6 elementor-section-boxed elementor-section-height-default elementor-section-height-default\" data-id=\"ab98eb6\" data-element_type=\"section\">\n\t\t\t\t\t\t<div class=\"elementor-container elementor-column-gap-no\">\n\t\t\t\t\t<div class=\"elementor-column elementor-col-100 elementor-top-column elementor-element elementor-element-b2666bf\" data-id=\"b2666bf\" data-element_type=\"column\">\n\t\t\t<div class=\"elementor-widget-wrap elementor-element-populated\">\n\t\t\t\t\t\t<div class=\"elementor-element elementor-element-1b1d558 elementor-widget-divider--view-line elementor-widget elementor-widget-divider\" data-id=\"1b1d558\" data-element_type=\"widget\" data-widget_type=\"divider.default\">\n\t\t\t\t<div class=\"elementor-widget-container\">\n\t\t\t\t\t\t\t<div class=\"elementor-divider\">\n\t\t\t<span class=\"elementor-divider-separator\">\n\t\t\t\t\t\t<\/span>\n\t\t<\/div>\n\t\t\t\t\t\t<\/div>\n\t\t\t\t<\/div>\n\t\t\t\t<div class=\"elementor-element elementor-element-e8fcc0f elementor-invisible elementor-widget elementor-widget-heading\" data-id=\"e8fcc0f\" data-element_type=\"widget\" data-settings=\"{&quot;_animation&quot;:&quot;fadeInUp&quot;,&quot;_animation_tablet&quot;:&quot;none&quot;,&quot;_animation_mobile&quot;:&quot;none&quot;,&quot;_animation_delay&quot;:200}\" data-widget_type=\"heading.default\">\n\t\t\t\t<div class=\"elementor-widget-container\">\n\t\t\t\t\t<h2 class=\"elementor-heading-title elementor-size-default\">Neden bizi Se\u00e7melisiniz?<\/h2>\t\t\t\t<\/div>\n\t\t\t\t<\/div>\n\t\t\t\t<div class=\"elementor-element elementor-element-7d7ff2c elementor-widget elementor-widget-text-editor\" data-id=\"7d7ff2c\" data-element_type=\"widget\" data-widget_type=\"text-editor.default\">\n\t\t\t\t<div class=\"elementor-widget-container\">\n\t\t\t\t\t\t\t\t\t<p>Ortalama 15-30 dakika i\u00e7inde olay yerine ula\u015farak yolunuza devam etmenize yard\u0131mc\u0131 oluyoruz. Detayl\u0131 bilgi ve \u00e7a\u011fr\u0131 i\u00e7in web sitemizi ziyaret edebilir ya da telefonla bize ula\u015fabilirsiniz.<\/p>\t\t\t\t\t\t\t\t<\/div>\n\t\t\t\t<\/div>\n\t\t\t\t\t<\/div>\n\t\t<\/div>\n\t\t\t\t\t<\/div>\n\t\t<\/section>\n\t\t\t\t<section class=\"elementor-section elementor-top-section elementor-element elementor-element-c5539fc elementor-section-boxed elementor-section-height-default elementor-section-height-default\" data-id=\"c5539fc\" data-element_type=\"section\" data-settings=\"{&quot;background_background&quot;:&quot;classic&quot;}\">\n\t\t\t\t\t\t<div class=\"elementor-container elementor-column-gap-no\">\n\t\t\t\t\t<div class=\"elementor-column elementor-col-50 elementor-top-column elementor-element elementor-element-1c546fe\" data-id=\"1c546fe\" data-element_type=\"column\">\n\t\t\t<div class=\"elementor-widget-wrap elementor-element-populated\">\n\t\t\t\t\t\t<div class=\"vamtam-has-theme-widget-styles elementor-element elementor-element-216b106 elementor-widget elementor-widget-image\" data-id=\"216b106\" data-element_type=\"widget\" data-settings=\"{&quot;_animation&quot;:&quot;none&quot;,&quot;_animation_tablet&quot;:&quot;none&quot;,&quot;_animation_mobile&quot;:&quot;none&quot;,&quot;_animation_delay&quot;:200}\" data-widget_type=\"image.default\">\n\t\t\t\t<div class=\"elementor-widget-container\">\n\t\t\t\t\t\t\t\t\t<div class=\"elementor-image\">\n\t\t\t\t\t\t\t\t\t\t\t\t\t\t\t\t\t\t\t\t\t<img fetchpriority=\"high\" decoding=\"async\" width=\"1230\" height=\"930\" src=\"https:\/\/724akutakviye.com\/wp-content\/uploads\/2021\/04\/sten-rademaker-UZUzvJEvKnI-unsplash.jpg\" class=\"attachment-full size-full wp-image-4355\" alt=\"\" srcset=\"https:\/\/724akutakviye.com\/wp-content\/uploads\/2021\/04\/sten-rademaker-UZUzvJEvKnI-unsplash.jpg 1230w, https:\/\/724akutakviye.com\/wp-content\/uploads\/2021\/04\/sten-rademaker-UZUzvJEvKnI-unsplash-300x227.jpg 300w, https:\/\/724akutakviye.com\/wp-content\/uploads\/2021\/04\/sten-rademaker-UZUzvJEvKnI-unsplash-1024x774.jpg 1024w, https:\/\/724akutakviye.com\/wp-content\/uploads\/2021\/04\/sten-rademaker-UZUzvJEvKnI-unsplash-768x581.jpg 768w, https:\/\/724akutakviye.com\/wp-content\/uploads\/2021\/04\/sten-rademaker-UZUzvJEvKnI-unsplash-630x476.jpg 630w, https:\/\/724akutakviye.com\/wp-content\/uploads\/2021\/04\/sten-rademaker-UZUzvJEvKnI-unsplash-315x238.jpg 315w\" sizes=\"(max-width: 1230px) 100vw, 1230px\" \/>\t\t\t\t\t\t\t\t\t\t\t\t\t\t\t\t\t\t\t\t\t\t\t\t<\/div>\n\t\t\t\t\t\t\t\t<\/div>\n\t\t\t\t<\/div>\n\t\t\t\t\t<\/div>\n\t\t<\/div>\n\t\t\t\t<div class=\"elementor-column elementor-col-50 elementor-top-column elementor-element elementor-element-e32e007\" data-id=\"e32e007\" data-element_type=\"column\">\n\t\t\t<div class=\"elementor-widget-wrap elementor-element-populated\">\n\t\t\t\t\t\t<div class=\"vamtam-has-theme-widget-styles elementor-element elementor-element-9fc9c0c elementor-view-default elementor-widget elementor-widget-icon\" data-id=\"9fc9c0c\" data-element_type=\"widget\" data-settings=\"{&quot;_animation&quot;:&quot;none&quot;,&quot;_animation_tablet&quot;:&quot;none&quot;,&quot;_animation_mobile&quot;:&quot;none&quot;,&quot;_animation_delay&quot;:300}\" data-widget_type=\"icon.default\">\n\t\t\t\t<div class=\"elementor-widget-container\">\n\t\t\t\t\t\t\t<div class=\"elementor-icon-wrapper\">\n\t\t\t<div class=\"elementor-icon\">\n\t\t\t<i aria-hidden=\"true\" class=\"vamtamtheme- vamtam-theme-quote\"><\/i>\t\t\t<\/div>\n\t\t<\/div>\n\t\t\t\t\t\t<\/div>\n\t\t\t\t<\/div>\n\t\t\t\t<div class=\"elementor-element elementor-element-26101a3 elementor-invisible elementor-widget elementor-widget-heading\" data-id=\"26101a3\" data-element_type=\"widget\" data-settings=\"{&quot;_animation&quot;:&quot;fadeIn&quot;,&quot;_animation_tablet&quot;:&quot;none&quot;,&quot;_animation_mobile&quot;:&quot;none&quot;,&quot;_animation_delay&quot;:200}\" data-widget_type=\"heading.default\">\n\t\t\t\t<div class=\"elementor-widget-container\">\n\t\t\t\t\t<h3 class=\"elementor-heading-title elementor-size-default\">Arac\u0131n\u0131z sizi yar\u0131 yolda b\u0131raksa da biz b\u0131rakmay\u0131z.\nBize bir telefon kadar uzaks\u0131n\u0131z. S\u00fcr\u00fc\u015f g\u00fcvenli\u011finiz i\u00e7in buraday\u0131z!<\/h3>\t\t\t\t<\/div>\n\t\t\t\t<\/div>\n\t\t\t\t<div class=\"elementor-element elementor-element-800da3f elementor-mobile-align-left elementor-align-left elementor-tablet-align-left elementor-invisible elementor-widget elementor-widget-button\" data-id=\"800da3f\" data-element_type=\"widget\" data-settings=\"{&quot;_animation&quot;:&quot;fadeInUp&quot;,&quot;_animation_tablet&quot;:&quot;none&quot;,&quot;_animation_mobile&quot;:&quot;none&quot;,&quot;_animation_delay&quot;:300}\" data-widget_type=\"button.default\">\n\t\t\t\t<div class=\"elementor-widget-container\">\n\t\t\t\t\t\t\t\t\t<div class=\"elementor-button-wrapper\">\n\t\t\t\t\t<a class=\"elementor-button elementor-button-link elementor-size-xs\" href=\"https:\/\/724akutakviye.com\/index.php\/contact\/\">\n\t\t\t\t\t\t<span class=\"elementor-button-content-wrapper\">\n\t\t\t\t\t\t<span class=\"elementor-button-icon\">\n\t\t\t\t<i aria-hidden=\"true\" class=\"vamtamtheme- vamtam-theme-arrow-left\"><\/i>\t\t\t<\/span>\n\t\t\t\t\t\t\t\t\t<span class=\"elementor-button-text\">Bize Hemen Ula\u015f\u0131n<\/span>\n\t\t\t\t\t<\/span>\n\t\t\t\t\t<\/a>\n\t\t\t\t<\/div>\n\t\t\t\t\t\t\t\t<\/div>\n\t\t\t\t<\/div>\n\t\t\t\t\t<\/div>\n\t\t<\/div>\n\t\t\t\t\t<\/div>\n\t\t<\/section>\n\t\t\t\t<\/div>\n\t\t","protected":false},"excerpt":{"rendered":"<p>HaKKIMIZDA biz kimiz? 7 g\u00fcn 24 saat boyunca \u0130stanbul Avc\u0131lar ve \u00e7evresine ak\u00fc takviye hizmeti sunuyoruz. Arac\u0131n\u0131z\u0131n ak\u00fcs\u00fc bitti\u011finde h\u0131zl\u0131 \u015fekilde bulundu\u011funuz konuma gelip yerinde destek veriyoruz. Binek ara\u00e7, hafif ticari ve minib\u00fcslere uygun ekipmanlar\u0131m\u0131zla g\u00fcvenli hizmet sa\u011fl\u0131yoruz.\u00a0 Ortalama 15-30 dakika i\u00e7inde olay yerine ula\u015farak yolunuza devam etmenize yard\u0131mc\u0131 oluyoruz. Detayl\u0131 bilgi ve \u00e7a\u011fr\u0131 i\u00e7in&#8230;<\/p>\n","protected":false},"author":1,"featured_media":0,"parent":0,"menu_order":0,"comment_status":"closed","ping_status":"closed","template":"","meta":{"footnotes":""},"class_list":["post-403","page","type-page","status-publish","hentry"],"yoast_head":"<!-- This site is optimized with the Yoast SEO plugin v25.3 - https:\/\/yoast.com\/wordpress\/plugins\/seo\/ -->\n<title>Hakk\u0131m\u0131zda - 7\/24 Ak\u00fc Takviye<\/title>\n<meta name=\"robots\" content=\"index, follow, max-snippet:-1, max-image-preview:large, max-video-preview:-1\" \/>\n<link rel=\"canonical\" href=\"https:\/\/724akutakviye.com\/index.php\/about\/\" \/>\n<meta property=\"og:locale\" content=\"tr_TR\" \/>\n<meta property=\"og:type\" content=\"article\" \/>\n<meta property=\"og:title\" content=\"Hakk\u0131m\u0131zda - 7\/24 Ak\u00fc Takviye\" \/>\n<meta property=\"og:description\" content=\"HaKKIMIZDA biz kimiz? 7 g\u00fcn 24 saat boyunca \u0130stanbul Avc\u0131lar ve \u00e7evresine ak\u00fc takviye hizmeti sunuyoruz. Arac\u0131n\u0131z\u0131n ak\u00fcs\u00fc bitti\u011finde h\u0131zl\u0131 \u015fekilde bulundu\u011funuz konuma gelip yerinde destek veriyoruz. Binek ara\u00e7, hafif ticari ve minib\u00fcslere uygun ekipmanlar\u0131m\u0131zla g\u00fcvenli hizmet sa\u011fl\u0131yoruz.\u00a0 Ortalama 15-30 dakika i\u00e7inde olay yerine ula\u015farak yolunuza devam etmenize yard\u0131mc\u0131 oluyoruz. Detayl\u0131 bilgi ve \u00e7a\u011fr\u0131 i\u00e7in...\" \/>\n<meta property=\"og:url\" content=\"https:\/\/724akutakviye.com\/index.php\/about\/\" \/>\n<meta property=\"og:site_name\" content=\"7\/24 Ak\u00fc Takviye\" \/>\n<meta property=\"article:modified_time\" content=\"2025-06-22T17:58:36+00:00\" \/>\n<meta property=\"og:image\" content=\"https:\/\/724akutakviye.com\/wp-content\/uploads\/2021\/04\/sten-rademaker-UZUzvJEvKnI-unsplash.jpg\" \/>\n\t<meta property=\"og:image:width\" content=\"1230\" \/>\n\t<meta property=\"og:image:height\" content=\"930\" \/>\n\t<meta property=\"og:image:type\" content=\"image\/jpeg\" \/>\n<meta name=\"twitter:card\" content=\"summary_large_image\" \/>\n<meta name=\"twitter:label1\" content=\"Tahmini okuma s\u00fcresi\" \/>\n\t<meta name=\"twitter:data1\" content=\"1 dakika\" \/>\n<script type=\"application\/ld+json\" class=\"yoast-schema-graph\">{\"@context\":\"https:\/\/schema.org\",\"@graph\":[{\"@type\":\"WebPage\",\"@id\":\"https:\/\/724akutakviye.com\/index.php\/about\/\",\"url\":\"https:\/\/724akutakviye.com\/index.php\/about\/\",\"name\":\"Hakk\u0131m\u0131zda - 7\/24 Ak\u00fc Takviye\",\"isPartOf\":{\"@id\":\"https:\/\/724akutakviye.com\/#website\"},\"primaryImageOfPage\":{\"@id\":\"https:\/\/724akutakviye.com\/index.php\/about\/#primaryimage\"},\"image\":{\"@id\":\"https:\/\/724akutakviye.com\/index.php\/about\/#primaryimage\"},\"thumbnailUrl\":\"https:\/\/724akutakviye.com\/wp-content\/uploads\/2021\/04\/sten-rademaker-UZUzvJEvKnI-unsplash.jpg\",\"datePublished\":\"2021-03-24T11:34:41+00:00\",\"dateModified\":\"2025-06-22T17:58:36+00:00\",\"breadcrumb\":{\"@id\":\"https:\/\/724akutakviye.com\/index.php\/about\/#breadcrumb\"},\"inLanguage\":\"tr\",\"potentialAction\":[{\"@type\":\"ReadAction\",\"target\":[\"https:\/\/724akutakviye.com\/index.php\/about\/\"]}]},{\"@type\":\"ImageObject\",\"inLanguage\":\"tr\",\"@id\":\"https:\/\/724akutakviye.com\/index.php\/about\/#primaryimage\",\"url\":\"https:\/\/724akutakviye.com\/wp-content\/uploads\/2021\/04\/sten-rademaker-UZUzvJEvKnI-unsplash.jpg\",\"contentUrl\":\"https:\/\/724akutakviye.com\/wp-content\/uploads\/2021\/04\/sten-rademaker-UZUzvJEvKnI-unsplash.jpg\",\"width\":1230,\"height\":930},{\"@type\":\"BreadcrumbList\",\"@id\":\"https:\/\/724akutakviye.com\/index.php\/about\/#breadcrumb\",\"itemListElement\":[{\"@type\":\"ListItem\",\"position\":1,\"name\":\"Home\",\"item\":\"https:\/\/724akutakviye.com\/\"},{\"@type\":\"ListItem\",\"position\":2,\"name\":\"Hakk\u0131m\u0131zda\"}]},{\"@type\":\"WebSite\",\"@id\":\"https:\/\/724akutakviye.com\/#website\",\"url\":\"https:\/\/724akutakviye.com\/\",\"name\":\"7\/24 Ak\u00fc Takviye\",\"description\":\"\u0130htiya\u00e7 Duydu\u011funuz Her An Yan\u0131n\u0131zda!\",\"publisher\":{\"@id\":\"https:\/\/724akutakviye.com\/#organization\"},\"potentialAction\":[{\"@type\":\"SearchAction\",\"target\":{\"@type\":\"EntryPoint\",\"urlTemplate\":\"https:\/\/724akutakviye.com\/?s={search_term_string}\"},\"query-input\":{\"@type\":\"PropertyValueSpecification\",\"valueRequired\":true,\"valueName\":\"search_term_string\"}}],\"inLanguage\":\"tr\"},{\"@type\":\"Organization\",\"@id\":\"https:\/\/724akutakviye.com\/#organization\",\"name\":\"7\/24 Ak\u00fc Takviye\",\"url\":\"https:\/\/724akutakviye.com\/\",\"logo\":{\"@type\":\"ImageObject\",\"inLanguage\":\"tr\",\"@id\":\"https:\/\/724akutakviye.com\/#\/schema\/logo\/image\/\",\"url\":\"https:\/\/724akutakviye.com\/wp-content\/uploads\/2021\/02\/Gemini_Generated_Image_6l84vn6l84vn6l84.png\",\"contentUrl\":\"https:\/\/724akutakviye.com\/wp-content\/uploads\/2021\/02\/Gemini_Generated_Image_6l84vn6l84vn6l84.png\",\"width\":1832,\"height\":759,\"caption\":\"7\/24 Ak\u00fc Takviye\"},\"image\":{\"@id\":\"https:\/\/724akutakviye.com\/#\/schema\/logo\/image\/\"}}]}<\/script>\n<!-- \/ Yoast SEO plugin. -->","yoast_head_json":{"title":"Hakk\u0131m\u0131zda - 7\/24 Ak\u00fc Takviye","robots":{"index":"index","follow":"follow","max-snippet":"max-snippet:-1","max-image-preview":"max-image-preview:large","max-video-preview":"max-video-preview:-1"},"canonical":"https:\/\/724akutakviye.com\/index.php\/about\/","og_locale":"tr_TR","og_type":"article","og_title":"Hakk\u0131m\u0131zda - 7\/24 Ak\u00fc Takviye","og_description":"HaKKIMIZDA biz kimiz? 7 g\u00fcn 24 saat boyunca \u0130stanbul Avc\u0131lar ve \u00e7evresine ak\u00fc takviye hizmeti sunuyoruz. Arac\u0131n\u0131z\u0131n ak\u00fcs\u00fc bitti\u011finde h\u0131zl\u0131 \u015fekilde bulundu\u011funuz konuma gelip yerinde destek veriyoruz. Binek ara\u00e7, hafif ticari ve minib\u00fcslere uygun ekipmanlar\u0131m\u0131zla g\u00fcvenli hizmet sa\u011fl\u0131yoruz.\u00a0 Ortalama 15-30 dakika i\u00e7inde olay yerine ula\u015farak yolunuza devam etmenize yard\u0131mc\u0131 oluyoruz. Detayl\u0131 bilgi ve \u00e7a\u011fr\u0131 i\u00e7in...","og_url":"https:\/\/724akutakviye.com\/index.php\/about\/","og_site_name":"7\/24 Ak\u00fc Takviye","article_modified_time":"2025-06-22T17:58:36+00:00","og_image":[{"width":1230,"height":930,"url":"https:\/\/724akutakviye.com\/wp-content\/uploads\/2021\/04\/sten-rademaker-UZUzvJEvKnI-unsplash.jpg","type":"image\/jpeg"}],"twitter_card":"summary_large_image","twitter_misc":{"Tahmini okuma s\u00fcresi":"1 dakika"},"schema":{"@context":"https:\/\/schema.org","@graph":[{"@type":"WebPage","@id":"https:\/\/724akutakviye.com\/index.php\/about\/","url":"https:\/\/724akutakviye.com\/index.php\/about\/","name":"Hakk\u0131m\u0131zda - 7\/24 Ak\u00fc Takviye","isPartOf":{"@id":"https:\/\/724akutakviye.com\/#website"},"primaryImageOfPage":{"@id":"https:\/\/724akutakviye.com\/index.php\/about\/#primaryimage"},"image":{"@id":"https:\/\/724akutakviye.com\/index.php\/about\/#primaryimage"},"thumbnailUrl":"https:\/\/724akutakviye.com\/wp-content\/uploads\/2021\/04\/sten-rademaker-UZUzvJEvKnI-unsplash.jpg","datePublished":"2021-03-24T11:34:41+00:00","dateModified":"2025-06-22T17:58:36+00:00","breadcrumb":{"@id":"https:\/\/724akutakviye.com\/index.php\/about\/#breadcrumb"},"inLanguage":"tr","potentialAction":[{"@type":"ReadAction","target":["https:\/\/724akutakviye.com\/index.php\/about\/"]}]},{"@type":"ImageObject","inLanguage":"tr","@id":"https:\/\/724akutakviye.com\/index.php\/about\/#primaryimage","url":"https:\/\/724akutakviye.com\/wp-content\/uploads\/2021\/04\/sten-rademaker-UZUzvJEvKnI-unsplash.jpg","contentUrl":"https:\/\/724akutakviye.com\/wp-content\/uploads\/2021\/04\/sten-rademaker-UZUzvJEvKnI-unsplash.jpg","width":1230,"height":930},{"@type":"BreadcrumbList","@id":"https:\/\/724akutakviye.com\/index.php\/about\/#breadcrumb","itemListElement":[{"@type":"ListItem","position":1,"name":"Home","item":"https:\/\/724akutakviye.com\/"},{"@type":"ListItem","position":2,"name":"Hakk\u0131m\u0131zda"}]},{"@type":"WebSite","@id":"https:\/\/724akutakviye.com\/#website","url":"https:\/\/724akutakviye.com\/","name":"7\/24 Ak\u00fc Takviye","description":"\u0130htiya\u00e7 Duydu\u011funuz Her An Yan\u0131n\u0131zda!","publisher":{"@id":"https:\/\/724akutakviye.com\/#organization"},"potentialAction":[{"@type":"SearchAction","target":{"@type":"EntryPoint","urlTemplate":"https:\/\/724akutakviye.com\/?s={search_term_string}"},"query-input":{"@type":"PropertyValueSpecification","valueRequired":true,"valueName":"search_term_string"}}],"inLanguage":"tr"},{"@type":"Organization","@id":"https:\/\/724akutakviye.com\/#organization","name":"7\/24 Ak\u00fc Takviye","url":"https:\/\/724akutakviye.com\/","logo":{"@type":"ImageObject","inLanguage":"tr","@id":"https:\/\/724akutakviye.com\/#\/schema\/logo\/image\/","url":"https:\/\/724akutakviye.com\/wp-content\/uploads\/2021\/02\/Gemini_Generated_Image_6l84vn6l84vn6l84.png","contentUrl":"https:\/\/724akutakviye.com\/wp-content\/uploads\/2021\/02\/Gemini_Generated_Image_6l84vn6l84vn6l84.png","width":1832,"height":759,"caption":"7\/24 Ak\u00fc Takviye"},"image":{"@id":"https:\/\/724akutakviye.com\/#\/schema\/logo\/image\/"}}]}},"_links":{"self":[{"href":"https:\/\/724akutakviye.com\/index.php\/wp-json\/wp\/v2\/pages\/403","targetHints":{"allow":["GET"]}}],"collection":[{"href":"https:\/\/724akutakviye.com\/index.php\/wp-json\/wp\/v2\/pages"}],"about":[{"href":"https:\/\/724akutakviye.com\/index.php\/wp-json\/wp\/v2\/types\/page"}],"author":[{"embeddable":true,"href":"https:\/\/724akutakviye.com\/index.php\/wp-json\/wp\/v2\/users\/1"}],"replies":[{"embeddable":true,"href":"https:\/\/724akutakviye.com\/index.php\/wp-json\/wp\/v2\/comments?post=403"}],"version-history":[{"count":3,"href":"https:\/\/724akutakviye.com\/index.php\/wp-json\/wp\/v2\/pages\/403\/revisions"}],"predecessor-version":[{"id":987732,"href":"https:\/\/724akutakviye.com\/index.php\/wp-json\/wp\/v2\/pages\/403\/revisions\/987732"}],"wp:attachment":[{"href":"https:\/\/724akutakviye.com\/index.php\/wp-json\/wp\/v2\/media?parent=403"}],"curies":[{"name":"wp","href":"https:\/\/api.w.org\/{rel}","templated":true}]}}