{"id":6,"date":"2021-02-05T17:35:20","date_gmt":"2021-02-05T17:35:20","guid":{"rendered":"https:\/\/macchina.vamtam.com\/cart\/"},"modified":"2021-02-05T17:35:20","modified_gmt":"2021-02-05T17:35:20","slug":"cart","status":"publish","type":"page","link":"https:\/\/724akutakviye.com\/index.php\/cart\/","title":{"rendered":"Cart"},"content":{"rendered":"<div class=\"vgblk-rw-wrapper limit-wrapper\">\n\n\n\n<p><\/p>\n<\/div><!-- .vgblk-rw-wrapper -->","protected":false},"excerpt":{"rendered":"","protected":false},"author":1,"featured_media":0,"parent":0,"menu_order":0,"comment_status":"closed","ping_status":"closed","template":"","meta":{"footnotes":""},"class_list":["post-6","page","type-page","status-publish","hentry"],"yoast_head":"<!-- This site is optimized with the Yoast SEO plugin v25.3 - https:\/\/yoast.com\/wordpress\/plugins\/seo\/ -->\n<title>Cart - 7\/24 Ak\u00fc Takviye<\/title>\n<meta name=\"robots\" content=\"index, follow, max-snippet:-1, max-image-preview:large, max-video-preview:-1\" \/>\n<link rel=\"canonical\" href=\"https:\/\/724akutakviye.com\/index.php\/cart\/\" \/>\n<meta property=\"og:locale\" content=\"tr_TR\" \/>\n<meta property=\"og:type\" content=\"article\" \/>\n<meta property=\"og:title\" content=\"Cart - 7\/24 Ak\u00fc Takviye\" \/>\n<meta property=\"og:url\" content=\"https:\/\/724akutakviye.com\/index.php\/cart\/\" \/>\n<meta property=\"og:site_name\" content=\"7\/24 Ak\u00fc Takviye\" \/>\n<meta name=\"twitter:card\" content=\"summary_large_image\" \/>\n<script type=\"application\/ld+json\" class=\"yoast-schema-graph\">{\"@context\":\"https:\/\/schema.org\",\"@graph\":[{\"@type\":\"WebPage\",\"@id\":\"https:\/\/724akutakviye.com\/index.php\/cart\/\",\"url\":\"https:\/\/724akutakviye.com\/index.php\/cart\/\",\"name\":\"Cart - 7\/24 Ak\u00fc Takviye\",\"isPartOf\":{\"@id\":\"https:\/\/724akutakviye.com\/#website\"},\"datePublished\":\"2021-02-05T17:35:20+00:00\",\"breadcrumb\":{\"@id\":\"https:\/\/724akutakviye.com\/index.php\/cart\/#breadcrumb\"},\"inLanguage\":\"tr\",\"potentialAction\":[{\"@type\":\"ReadAction\",\"target\":[\"https:\/\/724akutakviye.com\/index.php\/cart\/\"]}]},{\"@type\":\"BreadcrumbList\",\"@id\":\"https:\/\/724akutakviye.com\/index.php\/cart\/#breadcrumb\",\"itemListElement\":[{\"@type\":\"ListItem\",\"position\":1,\"name\":\"Home\",\"item\":\"https:\/\/724akutakviye.com\/\"},{\"@type\":\"ListItem\",\"position\":2,\"name\":\"Cart\"}]},{\"@type\":\"WebSite\",\"@id\":\"https:\/\/724akutakviye.com\/#website\",\"url\":\"https:\/\/724akutakviye.com\/\",\"name\":\"7\/24 Ak\u00fc Takviye\",\"description\":\"\u0130htiya\u00e7 Duydu\u011funuz Her An Yan\u0131n\u0131zda!\",\"publisher\":{\"@id\":\"https:\/\/724akutakviye.com\/#organization\"},\"potentialAction\":[{\"@type\":\"SearchAction\",\"target\":{\"@type\":\"EntryPoint\",\"urlTemplate\":\"https:\/\/724akutakviye.com\/?s={search_term_string}\"},\"query-input\":{\"@type\":\"PropertyValueSpecification\",\"valueRequired\":true,\"valueName\":\"search_term_string\"}}],\"inLanguage\":\"tr\"},{\"@type\":\"Organization\",\"@id\":\"https:\/\/724akutakviye.com\/#organization\",\"name\":\"7\/24 Ak\u00fc Takviye\",\"url\":\"https:\/\/724akutakviye.com\/\",\"logo\":{\"@type\":\"ImageObject\",\"inLanguage\":\"tr\",\"@id\":\"https:\/\/724akutakviye.com\/#\/schema\/logo\/image\/\",\"url\":\"https:\/\/724akutakviye.com\/wp-content\/uploads\/2021\/02\/Gemini_Generated_Image_6l84vn6l84vn6l84.png\",\"contentUrl\":\"https:\/\/724akutakviye.com\/wp-content\/uploads\/2021\/02\/Gemini_Generated_Image_6l84vn6l84vn6l84.png\",\"width\":1832,\"height\":759,\"caption\":\"7\/24 Ak\u00fc Takviye\"},\"image\":{\"@id\":\"https:\/\/724akutakviye.com\/#\/schema\/logo\/image\/\"}}]}<\/script>\n<!-- \/ Yoast SEO plugin. -->","yoast_head_json":{"title":"Cart - 7\/24 Ak\u00fc Takviye","robots":{"index":"index","follow":"follow","max-snippet":"max-snippet:-1","max-image-preview":"max-image-preview:large","max-video-preview":"max-video-preview:-1"},"canonical":"https:\/\/724akutakviye.com\/index.php\/cart\/","og_locale":"tr_TR","og_type":"article","og_title":"Cart - 7\/24 Ak\u00fc Takviye","og_url":"https:\/\/724akutakviye.com\/index.php\/cart\/","og_site_name":"7\/24 Ak\u00fc Takviye","twitter_card":"summary_large_image","schema":{"@context":"https:\/\/schema.org","@graph":[{"@type":"WebPage","@id":"https:\/\/724akutakviye.com\/index.php\/cart\/","url":"https:\/\/724akutakviye.com\/index.php\/cart\/","name":"Cart - 7\/24 Ak\u00fc Takviye","isPartOf":{"@id":"https:\/\/724akutakviye.com\/#website"},"datePublished":"2021-02-05T17:35:20+00:00","breadcrumb":{"@id":"https:\/\/724akutakviye.com\/index.php\/cart\/#breadcrumb"},"inLanguage":"tr","potentialAction":[{"@type":"ReadAction","target":["https:\/\/724akutakviye.com\/index.php\/cart\/"]}]},{"@type":"BreadcrumbList","@id":"https:\/\/724akutakviye.com\/index.php\/cart\/#breadcrumb","itemListElement":[{"@type":"ListItem","position":1,"name":"Home","item":"https:\/\/724akutakviye.com\/"},{"@type":"ListItem","position":2,"name":"Cart"}]},{"@type":"WebSite","@id":"https:\/\/724akutakviye.com\/#website","url":"https:\/\/724akutakviye.com\/","name":"7\/24 Ak\u00fc Takviye","description":"\u0130htiya\u00e7 Duydu\u011funuz Her An Yan\u0131n\u0131zda!","publisher":{"@id":"https:\/\/724akutakviye.com\/#organization"},"potentialAction":[{"@type":"SearchAction","target":{"@type":"EntryPoint","urlTemplate":"https:\/\/724akutakviye.com\/?s={search_term_string}"},"query-input":{"@type":"PropertyValueSpecification","valueRequired":true,"valueName":"search_term_string"}}],"inLanguage":"tr"},{"@type":"Organization","@id":"https:\/\/724akutakviye.com\/#organization","name":"7\/24 Ak\u00fc Takviye","url":"https:\/\/724akutakviye.com\/","logo":{"@type":"ImageObject","inLanguage":"tr","@id":"https:\/\/724akutakviye.com\/#\/schema\/logo\/image\/","url":"https:\/\/724akutakviye.com\/wp-content\/uploads\/2021\/02\/Gemini_Generated_Image_6l84vn6l84vn6l84.png","contentUrl":"https:\/\/724akutakviye.com\/wp-content\/uploads\/2021\/02\/Gemini_Generated_Image_6l84vn6l84vn6l84.png","width":1832,"height":759,"caption":"7\/24 Ak\u00fc Takviye"},"image":{"@id":"https:\/\/724akutakviye.com\/#\/schema\/logo\/image\/"}}]}},"_links":{"self":[{"href":"https:\/\/724akutakviye.com\/index.php\/wp-json\/wp\/v2\/pages\/6","targetHints":{"allow":["GET"]}}],"collection":[{"href":"https:\/\/724akutakviye.com\/index.php\/wp-json\/wp\/v2\/pages"}],"about":[{"href":"https:\/\/724akutakviye.com\/index.php\/wp-json\/wp\/v2\/types\/page"}],"author":[{"embeddable":true,"href":"https:\/\/724akutakviye.com\/index.php\/wp-json\/wp\/v2\/users\/1"}],"replies":[{"embeddable":true,"href":"https:\/\/724akutakviye.com\/index.php\/wp-json\/wp\/v2\/comments?post=6"}],"version-history":[{"count":0,"href":"https:\/\/724akutakviye.com\/index.php\/wp-json\/wp\/v2\/pages\/6\/revisions"}],"wp:attachment":[{"href":"https:\/\/724akutakviye.com\/index.php\/wp-json\/wp\/v2\/media?parent=6"}],"curies":[{"name":"wp","href":"https:\/\/api.w.org\/{rel}","templated":true}]}}